{"id":416,"date":"2021-01-16T18:02:46","date_gmt":"2021-01-16T18:02:46","guid":{"rendered":"http:\/\/informatika.ssploce.hr\/?page_id=416"},"modified":"2026-04-15T13:09:15","modified_gmt":"2026-04-15T13:09:15","slug":"informacijska-tehnologija","status":"publish","type":"page","link":"https:\/\/informatika.ssploce.hr\/?page_id=416","title":{"rendered":"Digitalna tehnologija"},"content":{"rendered":"\n<p><strong>Opis aktivnosti<\/strong><br>U\u010denici \u0107e kroz rad na zadacima analizirati eti\u010dka pitanja vezana uz kori\u0161tenje ra\u010dunalne tehnologije te upoznati osnovne koncepte organizacije i rada ra\u010dunala. U\u010dit \u0107e o sa\u017eimanju datoteka, hijerarhijskoj organizaciji mapa, formatima datoteka te glavnim komponentama ra\u010dunalnog sustava i njihovim funkcijama. Tako\u0111er \u0107e analizirati ulogu binarnog, oktalnog i heksadekadskog sustava u prikazu podataka te razumjeti matemati\u010dke osnove spremanja podataka i ra\u010dunskih operacija u ra\u010dunalu.<\/p>\n\n\n\n<p><strong>Nau\u010dit \u0107emo:<\/strong><\/p>\n\n\n\n<ul>\n<li>analizirati eti\u010dka pitanja koja proizlaze iz kori\u0161tenja ra\u010dunalne tehnologije<\/li>\n\n\n\n<li>analizirati i primjenjivati sa\u017eimanje datoteka<\/li>\n\n\n\n<li>obja\u0161njavati glavne komponente ra\u010dunalnog sustava i njihove funkcije<\/li>\n\n\n\n<li>primjenjivati principe hijerarhijske organizacije mapa u ra\u010dunalnim memorijama te razlikovati formate datoteka<\/li>\n\n\n\n<li>analizirati ulogu binarnog, oktalnog i heksadekadskog brojevnog sustava u prikazu razli\u010ditih tipova podataka<\/li>\n\n\n\n<li>razumjeti matemati\u010dke osnove spremanja podataka i ra\u010dunskih operacija u ra\u010dunalu<\/li>\n<\/ul>\n\n\n\n<p><strong>Popis cjelina:<\/strong><\/p>\n\n\n\n<ul>\n<li><a href=\"https:\/\/informatika.ssploce.hr\/?page_id=442\">Gra\u0111a ra\u010dunala<\/a><\/li>\n\n\n\n<li><a href=\"https:\/\/informatika.ssploce.hr\/?page_id=444\">Programska podr\u0161ka<\/a><\/li>\n\n\n\n<li><a href=\"https:\/\/informatika.ssploce.hr\/?page_id=446\">Brojevni sustavi i zapis<\/a><\/li>\n\n\n\n<li><a href=\"https:\/\/informatika.ssploce.hr\/?page_id=448\">Logika rada ra\u010dunala<\/a><\/li>\n<\/ul>\n","protected":false},"excerpt":{"rendered":"<p>Opis aktivnostiU\u010denici \u0107e kroz rad na zadacima analizirati eti\u010dka pitanja vezana uz kori\u0161tenje ra\u010dunalne tehnologije te upoznati osnovne koncepte organizacije i rada ra\u010dunala. U\u010dit \u0107e o sa\u017eimanju datoteka, hijerarhijskoj organizaciji mapa, formatima datoteka te glavnim komponentama ra\u010dunalnog sustava i njihovim funkcijama. Tako\u0111er \u0107e analizirati ulogu binarnog, oktalnog i heksadekadskog sustava u prikazu podataka te razumjeti<\/p>\n<p><a href=\"https:\/\/informatika.ssploce.hr\/?page_id=416\" class=\"more-link themebutton\">Read More<\/a><\/p>\n","protected":false},"author":2,"featured_media":0,"parent":0,"menu_order":0,"comment_status":"closed","ping_status":"closed","template":"","meta":{"footnotes":""},"_links":{"self":[{"href":"https:\/\/informatika.ssploce.hr\/index.php?rest_route=\/wp\/v2\/pages\/416"}],"collection":[{"href":"https:\/\/informatika.ssploce.hr\/index.php?rest_route=\/wp\/v2\/pages"}],"about":[{"href":"https:\/\/informatika.ssploce.hr\/index.php?rest_route=\/wp\/v2\/types\/page"}],"author":[{"embeddable":true,"href":"https:\/\/informatika.ssploce.hr\/index.php?rest_route=\/wp\/v2\/users\/2"}],"replies":[{"embeddable":true,"href":"https:\/\/informatika.ssploce.hr\/index.php?rest_route=%2Fwp%2Fv2%2Fcomments&post=416"}],"version-history":[{"count":7,"href":"https:\/\/informatika.ssploce.hr\/index.php?rest_route=\/wp\/v2\/pages\/416\/revisions"}],"predecessor-version":[{"id":1102,"href":"https:\/\/informatika.ssploce.hr\/index.php?rest_route=\/wp\/v2\/pages\/416\/revisions\/1102"}],"wp:attachment":[{"href":"https:\/\/informatika.ssploce.hr\/index.php?rest_route=%2Fwp%2Fv2%2Fmedia&parent=416"}],"curies":[{"name":"wp","href":"https:\/\/api.w.org\/{rel}","templated":true}]}}